 7 + 1370*a + 1364*a. Give t(-1).
-11
Let t(m) = -3*m + 15. Let l(n) = 2*n - 10. Let q(j) = -7*l(j) - 5*t(j). Let y be (-8)/(-6)*71364/(-152). Let a = y + 629. Calculate q(a).
-2
Let u(y) = y**2 - 9*y + 6. Let l be -10*24/(-30) - 5. Suppose 4*f = -j - j + 38, 9 = l*j. Give u(f).
-2
Let q(k) = 56*k - 618. Let w = 9631 + -9620. Determine q(w).
-2
Let o(x) = -5*x + 14. Let u(c) = -28*c + 74. Let n(y) = 11*o(y) - 2*u(y). Suppose 0 = -2*f + 3*l + 5, 2*f = 4*f - 5*l - 3. Let b = -7 + f. What is n(b)?
3
Let s(b) be the second derivative of -19*b**4/12 + 26*b**3/3 - 7*b**2/2 - 8522*b. Calculate s(3).
-22
Let s(v) = 0*v + 27 + 27 + 2*v - 62. Let z(l) = l**3 - 10*l**2 + 10*l - 2. Suppose -4*p = -3*k - 51, -43 = -2*p + 3*k + 2*k. Let i be z(p). Calculate s(i).
6
Let i(p) be the first derivative of 3*p**2 + 8*p + 35719. Let a be 6/(-1) - (-1 + 1). Calculate i(a).
-28
Suppose 0 = -3*l + 19*l - 64. Suppose 3*h - 9*j + 5*j = -13, -2*h - l = 2*j. Let m(t) = -6*t + 2. What is m(h)?
20
Let g(s) = -3*s + 6. Let i = -128 + 132. Suppose 0 = 2*h + 2*l, 0*l = 5*h + 4*l - i. Calculate g(h).
-6
Let b(l) be the second derivative of -l**4/6 - 25*l**3/6 + 28*l**2 - 3373*l. Calculate b(2).
-2
Let o(x) = 0*x**3 + 2*x**2 + 5*x**2 - x + x**3 + 100584 - 100593. Determine o(-7).
-2
Let l(v) be the second derivative of v**3/3 - 27*v**2/2 - 13*v + 31. Calculate l(11).
-5
Suppose 0 = -4*i + 5*w - 16, -3*w + 7*w = 4*i + 12. Let v(j) = -2 + 2*j - j + i. Let r(l) = 2326*l + 90714. Let m be r(-39). Give v(m).
-1
Let a(u) = -6*u**2 - 4*u - 2. Let o(l) = 68*l + 1495. Let q be o(-22). Determine a(q).
-4
Let a(u) = 2 - 1 + 2*u - u. Let w be (-120)/(-36)*(-12)/10 + 46. Let q be (-35)/w*-6*(1 + 0). Calculate a(q).
6
Suppose 3*q + 201 = 84. Let f = 39 + q. Let r(j) = 26*j**2 - 6*j**2 + j - 11*j**2 + 1 - 8*j**2. Calculate r(f).
1
Let w(u) = u - 1. Let y(n) be the third derivative of n**4/8 - 5*n**3/3 + 80*n**2. Let b(d) = -4*w(d) + y(d). What is b(-8)?
2
Let z(c) = -6*c - 57. Let r(t) = -5*t - 59. Let y(i) = 3*r(i) - 2*z(i). Determine y(-20).
-3
Let k(g) = -g**3 - 25*g**2 + 25*g + 2. Suppose 4*o + 132 = -4*n, -21 - 33 = n + 4*o. What is k(n)?
28
Let g = 66 + -35. Let h = g + -23. Suppose h*s + 24 = -0*s. Let d(w) = w**2 - w + 2. Calculate d(s).
14
Let d(h) = -3*h**2 + 2. Let i be (-3539)/4 + 690/(-552). Let t = 888 + i. Give d(t).
-10
Let z(f) = -12*f**2 - 24*f - 2. Let l(r) = r**2 + 8*r + 1. Let v(m) = -3*l(m) - z(m). Give v(1).
8
Let b(s) = 4*s + 24. Let o(g) = g**3 - g**2 - 106*g + 8. Let x be o(11). Suppose -42*w = -x*w - 80. Give b(w).
-8
Let l(w) = -w**2 + 6*w - 6. Let d = 7 - 4. Let p be (d - 0)/(4*4/96). Suppose 3*j - 14 = -2*s + 4*s, 2*j = -3*s + p. Calculate l(j).
-6
Let t(l) = -l**2 + 27. Let j be 1/(-1) + (-7 - -11). Suppose -q + j*q + 6 = -3*g, 0 = -2*q + 4*g + 8. Determine t(q).
27
Let f(c) = -12 + 4*c**2 + 2*c**2 - 5*c**2 + 115*c - 101*c. Let r be f(-15). Let j(z) = z. Give j(r).
3
Let d(m) = 2*m**2 - 30*m + 16. Suppose -5*a - 2*p + 30 = -39, 3*a - 3*p = 33. Determine d(a).
-36
Let z(j) be the first derivative of j**3/3 - 5*j**2/2 + 6*j + 1. Let d be (-2)/2*(-19)/1. Suppose 3*o - 6*o = 4*n - d, 4*n = -5*o + 21. Give z(n).
2
Suppose -9 = 4*p + b, 3*p - 5 = -b - 13. Let l be 4/p + 1/1. Let u(c) = -c**3 - 6*c**2 - c - 1. Determine u(l).
-25
Let q(h) = -3*h**2 + 1. Let s = -60 - -138. Suppose 2*u + 4*z = 146, 19*u - 22*u + 2*z = -235. Let x = u - s. Determine q(x).
-2
Suppose -6*m + 3*m + 48 = 0. Let z(y) = y**2 + 41*y + 2 - m*y - 18*y + 2. Let h(c) = -c**2 + 5*c + 19. Let g be h(8). Calculate z(g).
-6
Let o be 144/(-40) + 4/(-10). Let y(t) = 8*t + 5*t**2 - 12*t + 13*t + 3. Let a(x) = 9*x**2 + 17*x + 5. Let j(q) = o*a(q) + 7*y(q). Calculate j(-5).
1
Let g = -2911 - -2906. Let p(t) = -t**2 - 6*t - 15. Give p(g).
-10
Let g(s) = -s**2 - 8*s - 10. Suppose 8*r - 2 + 50 = 0. Let p be g(r). Let w(z) = 29 + 0*z**2 + p*z - 29 + z**2. What is w(2)?
8
Let v = -2537 + 2539. Let h(z) = -z**2 + 7. Determine h(v).
3
Let d(u) = 68*u - 525 - 527 - 294 + 259. Give d(16).
1
Let n(p) = -p**2 + 1. Let y(a) = -5*a**2 + 4*a + 4. Let w(z) = 4*n(z) - y(z). Let g be 0/(-4) - (9/(-3))/1. Determine w(g).
-3
Let d(c) be the second derivative of c**4/12 - c**2 + 2*c - 922. Let b = -2 + 4. Suppose -5*g = 4*y - 23, b*g - 4*g = -6. What is d(y)?
2
Let n be 428/20 + 4/(-10). Suppose -n*l = -26*l + 25. Let u(f) = -3 + 2 - f - 5 + l. Determine u(-3).
2
Let x(p) be the first derivative of 3/2*p**2 - 1/3*p**3 - 16 - p. Determine x(4).
-5
Let v(j) be the first derivative of -j**4/2 - 4*j**3 - 5*j**2 + 2*j + 6093. Give v(-5).
2
Let x = 6607 + -6598. Let g(o) = -33*o + 299. What is g(x)?
2
Let g(j) = 2*j**3 + 5*j. Let c be g(-2). Let s(v) = -7*v - 191. Let a be s(c). Let q(i) = i + 2. What is q(a)?
-7
Suppose 32 = -2*t - 5*r, 4*r - 20 = 4*t + 3*r. Let v(o) = -9*o**2 - 9*o + 17. Let d(m) = 11*m**2 + 9*m - 18. Let b(f) = t*v(f) - 5*d(f). Give b(7).
2
Let q(w) be the third derivative of -11*w**4/24 + w**3/3 - w**2. Let z(y) = -1272*y - 1271. Let j be z(-1). Calculate q(j).
-9
Let f(a) = -a**3 - 6*a**2 + 5. Suppose -5 = 10*x + 5. Let z(y) = -9*y - 15. Let g be z(x). Determine f(g).
5
Suppose -3 = 4*b + 1, 4*t - 3*b = 71. Suppose -3*h - 3*u + 9 = 0, -3*u - t = -4*h - 8*u. Let v(n) = n**3 + 2*n**2 - n. Give v(h).
2
Let i(z) = z**3 - 2*z + 5. Let q(o) = 2*o**3 - o**2 - 2*o + 6. Let m(u) = -3*i(u) + 2*q(u). Let g(j) = 5 + 1 - 27*j + 25*j. Let h be g(2). Give m(h).
1
Let c(n) = n**3 + 9*n**2 - 15*n - 14. Let v be 5*85/100*12. Suppose 9*l - 10*l - v = 5*z, -18 = 2*z - 2*l. Calculate c(z).
36
Let w(s) = -2*s**3 - 10*s**2 + 6. Let q(c) = c**3 - 32*c**2 + 60*c - 4. Let d be q(30). What is w(d)?
-26
Let t be (45/6)/(-9 - -5 - (-27)/6). Let v(j) = 2*j**2 - 29*j + 9. Give v(t).
24
Let j(u) = 2*u**3 + 11*u**2 - 6857*u - 4 - 6891*u - u**3 + 13732*u. Give j(-12).
44
Let k be (3/6)/(2/40). Let x(a) = -3*a**2 + 4*a**2 - k + 3 - 4*a + 0*a**2. Let f be -8 - (-14 + 13)*13. Calculate x(f).
-2
Let m be 11 + 0*13/(-143). Let k(s) = -2*s**2 + 22*s - 1. What is k(m)?
-1
Let z(f) be the first derivative of -5/2*f**2 + 6*f - 1/3*f**3 - 3. Suppose -18*t + 21*t + 3*p + 18 = 0, -30 = 5*t + 3*p. What is z(t)?
0
Let i(y) = y - 25. Let r be i(22). Let t(m) = m + 4. Let x(a) = -7. Let v(s) = r*x(s) - 5*t(s). What is v(2)?
-9
Suppose -4*h = -h - 12. Suppose -h*u + 5*o + 22 = 0, 2*u + 5*o - 5 = -3*u. Suppose u*q - 2*q = 1. Let g(v) = -10*v**3 + 2*v**2 - 2*v + 1. What is g(q)?
-9
Let x(l) be the second derivative of l**5/20 - 4*l**4/3 + l**3/6 - l**2/2 - 4373*l. Give x(16).
15
Let j = 2683 + -2676. Let w(i) = -i**2 + 2*i + 53. Determine w(j).
18
Let f(w) = w**2 - 2*w + 3. Suppose 2*h - 1 = -c + 1, 5*h = -5*c - 5. Suppose -h*y + 2 = -5*t, -3*y - 2*y - 8 = 3*t. Let n be (1 - y) + (-9 - -12). Give f(n).
18
Let q(s) be the second derivative of s**5/40 - 2*s**4/3 + 11*s**3/2 - 151*s. Let v(d) be the second derivative of q(d). Give v(12).
20
Let t(g) = -g - 39. Let d(p) = -179*p - 1977. Let j be d(-11). What is t(j)?
-31
Let i(v) be the first derivative of v**6/120 + 7*v**5/60 - 5*v**4/12 + 5*v**3/6 - 7*v**2 - 55. Let y(r) be the second derivative of i(r). Calculate y(-8).
21
Let j(x) = x + 51. Let z be j(-22). Let a = z - 28. Let y(k) be the second derivative of -k**3/2 + k**2/2 + k. Calculate y(a).
-2
Let c(u) = 5*u + 281. Let h be c(-61). Let t(j) = 5*j + 126. Calculate t(h).
6
Let m be (162/(-21) - -8) + 37/(-7). Let u(c) = -17*c - 79. Let s be u(m). Let g(x) = x**2 - 7*x + 5. Calculate g(s).
-1
Let r(f) = -8 + f + 3*f + 5*f**2 + 2*f**3 - 12 + 23 + 2. Give r(-3).
-16
Let r(x) = -x**2 + 3*x + 1. Let y be r(3). Let z = 748 + -753. Let t be z*y + -26 + 30. Let o(h) = -10*h. Calculate o(t).
10
Let k = -5 + -19. Let m = k - -26. Let g(w) = -55 + 18 + w + 25 - m*w. What is g(-10)?
-2
Let p(d) = d**3 + 19*d**2 + 9. Let b be (-169)/9 - 0 - (-76)/(-342). Let o be p(b). Let t(f) = f - o*f + 6*f + 3*f. Calculate t(6).
6
Let i(p) be the first derivative of 3*p**2 + 30*p + 331. Determine i(-13).
-48
Let t(u) be the second derivative of 1/3*u**3 - 6*u + 8 - 4*u**2. Let w(i) = i**3 + 6*i**2 + 3*i - 4. Let d be w(-5). Determine t(d).
4
Let k(c) = c**3 - 8*c**2 - 57*c - 105. Let d be k(13). Let i(t) be the second derivative of -t**5/4 + t**4/12 - t**3/6 - t**2/2 - 3*t. Calcu